Let w be 1/t - (-165)/9. What is the greatest common factor of 90 and w?
18
Let p = -28 - -48. Let b = -10 + 28. Let l be b/4*40/6. Calculate the greatest common factor of p and l.
10
Let a be 12*(4/(-6))/1. Let f be 441/12 - (-6)/a. Suppose -5*w = -w - f. What is the greatest common factor of 99 and w?
9
Let s be 766/3 - 2/(-3). What is the greatest common factor of s and 32?
32
Let q(o) = 2*o**3 + 15*o**2 - 11*o - 4. Let n be q(-8). Calculate the highest common factor of 60 and n.
20
Suppose 2*v - 2*p - 14 = 0, -5*v + 4*p = 2*p - 38. Calculate the highest common divisor of v and 24.
8
Let w(j) = -j**3 + 2*j**2 + 9*j + 10. Let p be w(-4). Calculate the greatest common factor of 10 and p.
10
Suppose 4*z - 1008 = -4*x - 136, 408 = 2*z - 5*x. Let q = z + -62. Calculate the highest common factor of 19 and q.
19
Let t = 9 - 5. Suppose 5*y = 15, y + 192 = t*g + 51. Calculate the highest common divisor of g and 4.
4
Let q(m) = 2*m**2 - m. Let l be q(1). Suppose n + 2 = 2*n. Calculate the highest common divisor of n and l.
1
Let o = 68 + -65. Calculate the greatest common factor of o and 5.
1
Suppose 6*o = -5*y + 8*o + 172, 3*y = 3*o + 96. What is the highest common divisor of y and 18?
18
Let m = 96 - 45. What is the highest common factor of m and 17?
17
Let g be ((-140)/25)/((-4)/10). Calculate the greatest common divisor of 2 and g.
2
Suppose -2*o - o = 0. Suppose o*l = l. Suppose -4*z = -l*z - 48. Calculate the greatest common divisor of 4 and z.
4
Suppose 3*o + 32 = 47. Calculate the greatest common factor of o and 80.
5
Suppose t - 17 = 2*g, -2*t + 6*g - 3*g + 33 = 0. Let w be (-6)/4*(-370)/t. Suppose 89 + w = 2*r. What is the greatest common factor of r and 7?
7
Let n be ((-20)/14)/((-21)/441). Calculate the highest common divisor of n and 3.
3
Suppose -12 = -2*r + 5*f, -25 = -5*r + 4*f + 5. Calculate the greatest common divisor of r and 6.
6
Suppose 106 = 4*n + 10. Let d(k) = k**2 + k + 4. Let v be d(-4). What is the greatest common factor of n and v?
8
Let o(l) = l**3 - l**2 + l + 70. Let a be o(0). Let f(c) = 6*c + 2. Let u be f(2). Calculate the highest common divisor of a and u.
14
Let n(z) be the first derivative of 7*z**4/4 - z**3 - z**2/2 + z + 3. Let s be n(3). Calculate the greatest common factor of s and 20.
20
Let v = 70 - 40. Let d be -2 - 3/(6/(-154)). Calculate the highest common factor of v and d.
15
Let a(n) = n**3 + n**2 - n + 1. Let u be a(2). What is the greatest common factor of 11 and u?
11
Let n(h) = h**2 - 13 + 13. Let c be n(-4). Calculate the highest common factor of 64 and c.
16
Suppose 0*a = -2*a + 1344. Suppose f = 5*f - a. Suppose -f = -2*o - 2*o. What is the greatest common divisor of 6 and o?
6
Let d = 35 + 13. Suppose -8*i = -6*i - d. What is the highest common factor of i and 192?
24
Let s(m) = -15*m - 7. Let o(i) = -i. Let t(y) = -2*o(y) - s(y). Let d be t(3). Calculate the highest common factor of 87 and d.
29
Let a be (8/4 - 3)*-3. Suppose -f = -a*f + 4. Let i be (-8*(-1)/1)/1. What is the greatest common divisor of i and f?
2
Suppose 2*y - 8 = 14. Calculate the greatest common divisor of 121 and y.
11
Let g = 17 - 12. Suppose 68 = 4*t - 32. Calculate the greatest common divisor of t and g.
5
Suppose -5*w + 166 = -269. Let r = w + -29. What is the highest common divisor of 29 and r?
29
Let p = -2 + 8. Suppose 0 = -5*f - 51 + p. Let c be (-4)/(-6) - 30/f. What is the greatest common factor of 6 and c?
2
Suppose j - 4*j = -42. Suppose 7*g = 2*g + 35. Calculate the highest common divisor of g and j.
7
Let z = 0 + 2. Suppose -z*m + 3*m = 6. Calculate the highest common divisor of 18 and m.
6
Let n(v) be the third derivative of v**5/60 - v**4/6 - 5*v**3/6 + 5*v**2. Let l be n(7). What is the highest common factor of l and 112?
16
Let y be 73 - (0 - (-2 + 2)). Let d = -16 + y. What is the highest common divisor of d and 19?
19
Let s(b) = -b**2 - 7*b + 1. Let k be s(-7). Let a = k - -5. Calculate the greatest common factor of a and 42.
6
Let r(y) = y**2 - y + 24. Let b be r(0). What is the highest common factor of 96 and b?
24
Suppose -2*l = -0*l. Suppose l = -5*w - 25, 0 = -4*c + 2*w + 57 + 37. Let r = c + 24. What is the highest common factor of 5 and r?
5
Suppose c = 3*f + 5, -5*c - f = -4*c - 5. What is the highest common factor of c and 35?
5
Let i be 1/((-3)/15*-1). Suppose -i*j + j = -96. Calculate the greatest common divisor of 96 and j.
24
Suppose -p - 24 = -3*p. Let w = p - 6. What is the highest common factor of 2 and w?
2
Let r(o) = -o**3 - 11*o**2 - 24*o + 11. Let m be r(-9). Calculate the greatest common divisor of 65 and m.
65
Let t be (-87)/(-18) - (-7)/42. Let i(y) = y**3 - 5*y**2 + 5*y. Let u be i(t). Calculate the highest common factor of 225 and u.
25
Suppose 5*f - 66 = -3*o - 16, -20 = -2*f - 2*o. What is the highest common divisor of 40 and f?
10
Let f = 14 + -3. Suppose 0 = 3*j - 0*j. Suppose -c - 2 + f = j. What is the greatest common divisor of c and 9?
9
Let r = 30 - 20. Suppose -3*g + 41 = -229. What is the highest common divisor of g and r?
10
Let c(u) = -u**3 + 5*u**2 + u - 5. Let z be c(5). Suppose 0 = 8*h - 13*h. Suppose h = -z*b - b + 22. What is the greatest common factor of b and 55?
11
Suppose 4*v - 792 = v. Calculate the highest common factor of v and 24.
24
Suppose -5*i - 5 = 4*f, -4 = -f - 3*i - 0. Let t = 20 + f. Calculate the greatest common divisor of 3 and t.
3
Let s be (-1)/2*1*-16. Let j be 82/s - 2/8. What is the greatest common factor of j and 10?
10
Suppose -4*f - 6 = -2, 4*m = -4*f + 68. What is the greatest common divisor of 6 and m?
6
Suppose -v + 26 = -3*m, -v + 3*m = 4*m - 18. What is the greatest common factor of 180 and v?
20
Suppose 649 = 4*q + k, -4*q + 2*k + 646 = -0*k. Calculate the highest common factor of 18 and q.
18
Suppose -c - 3 = 0, -822 + 176 = -5*l + 2*c. Calculate the greatest common divisor of l and 16.
16
Let m(z) = 53*z - 5. Let c be m(1). What is the highest common factor of c and 6?
6
Suppose -2*q + 14 - 1 = b, 2*q = -3*b + 23. Calculate the greatest common divisor of 1 and b.
1
Let g(m) = 5*m**2 + 7*m - 5. Let p be g(4). Suppose -5*d + 244 = 4*i, -5 + p = 2*d + 2*i. What is the greatest common divisor of d and 12?
12
Let g = -86 - -148. Suppose -g = -r + 147. What is the highest common factor of r and 19?
19
Suppose 0 = 3*a - 5*g - 4 - 13, -a + 3 = g. Suppose 0*r - 6 = -3*t - r, 5*r - 8 = -a*t. Suppose 220 = t*w + 2*w. What is the greatest common factor of 11 and w?
11
Suppose -3*r + 26 = 5*n - 680, -5*n = 5*r - 1190. What is the highest common divisor of r and 22?
22
Let r be 9 + 2 + (2 - 3). Suppose -5*b + z - 4*z + 88 = 0, -3*b + 49 = -2*z. Let v = b - -8. What is the greatest common factor of v and r?
5
Let k(a) = -11*a - 4. Let o be k(2). Let x = 36 + o. Calculate the greatest common divisor of x and 20.
10
Let b = -5 + 8. Suppose -b*t + g = -0*g - 19, 3*g - 15 = 0. What is the greatest common divisor of 88 and t?
8
Let n = 258 - 50. What is the highest common factor of n and 13?
13
Let u be (-2)/((-1)/(2 + -3)). Let l be u*1/2 + 4. Let n be (26/(-4))/(l/(-6)). Calculate the highest common factor of 143 and n.
13
Let g be (-24)/108 + 2180/9. Let o = 23 + -1. What is the highest common factor of o and g?
22
Let g(a) = -a. Suppose -2*d = -d + 11. Let w be g(d). Calculate the greatest common factor of w and 44.
11
Suppose 0 = -3*z + 7*z - 72. Calculate the highest common divisor of 6 and z.
6
Suppose o = 2*o + 2. Let u(h) = h**2 - 4*h - 3. Let x be u(o). Suppose 4*z - 11 = x. Calculate the greatest common divisor of 10 and z.
5
Let w be ((-3)/2)/((-6)/(-8)). Let t = 5 + w. Calculate the greatest common factor of 1 and t.
1
Let y be 52 - -3*(-2)/(-3). Let t be (-7 + 12 + -113)*(-6)/8. Calculate the highest common divisor of t and y.
27
Let y be (-3 + 2)/(0 + (-2)/18). What is the highest common divisor of y and 63?
9
Let u = 66 - -46. Calculate the greatest common divisor of 16 and u.
16
Let q be ((-4)/8 + 0)/((-4)/32). What is the highest common divisor of q and 12?
4
Let r be (2 + -1)*-2*-2. Let q be 78/r*4/6. Let u = q + 15. Calculate the greatest common divisor of 42 and u.
14
Let k(m) = 9*m**2 - 3*m + 2. Let z(l) = -8*l**2 + 3*l - 1. Let r(c) = -4*k(c) - 5*z(c). Let v be r(3). What is the greatest common factor of 6 and v?
6
Let c